
-1
3 (base 16) to base 5
3
What is 4 (base 12) in base 3?
11
What is -1 (base 5) in base 3?
-1
-60 (base 13) to base 11
-71
What is -1000 (base 2) in base 6?
-12
What is -3 (base 11) in base 9?
-3
12 (base 4) to base 11
6
-1 (base 15) to base 6
-1
440 (base 5) to base 14
88
-1 (base 11) to base 16
-1
b4 (base 15) to base 16
a9
Convert 15 (base 6) to base 12.
b
133 (base 4) to base 6
51
What is 6 (base 7) in base 13?
6
9 (base 16) to base 2
1001
Convert 12 (base 5) to base 4.
13
Convert -6 (base 16) to base 14.
-6
Convert 1 (base 13) to base 9.
1
What is 9 (base 11) in base 9?
10
What is 4 (base 14) in base 11?
4
Convert 14 (base 8) to base 16.
c
4 (base 8) to base 7
4
Convert 16 (base 12) to base 2.
10010
What is 12 (base 5) in base 11?
7
Convert 57 (base 8) to base 11.
43
What is -114 (base 5) in base 13?
-28
-22 (base 11) to base 13
-1b
Convert -250 (base 12) to base 6.
-1340
What is 0 (base 7) in base 8?
0
Convert -40 (base 6) to base 12.
-20
What is -4 (base 13) in base 6?
-4
-101 (base 8) to base 11
-5a
What is 1 (base 13) in base 5?
1
3 (base 4) to base 6
3
Convert 2 (base 7) to base 10.
2
What is 9 (base 13) in base 14?
9
100 (base 2) to base 4
10
What is -1 (base 5) in base 14?
-1
Convert 47 (base 8) to base 12.
33
Convert -7 (base 11) to base 13.
-7
What is -4 (base 7) in base 6?
-4
132 (base 7) to base 8
110
Convert -12 (base 10) to base 5.
-22
Convert 32 (base 9) to base 8.
35
42 (base 7) to base 3
1010
Convert c (base 15) to base 9.
13
What is 2 (base 13) in base 7?
2
-8 (base 14) to base 2
-1000
2 (base 8) to base 15
2
Convert -aa (base 12) to base 5.
-1010
What is 12 (base 3) in base 9?
5
Convert -155 (base 6) to base 7.
-131
5a (base 16) to base 8
132
Convert 5f (base 16) to base 3.
10112
Convert 2 (base 4) to base 7.
2
Convert 11 (base 14) to base 7.
21
Convert -1a (base 13) to base 2.
-10111
What is -27 (base 16) in base 10?
-39
Convert 0 (base 12) to base 7.
0
Convert 5a (base 16) to base 10.
90
What is -21 (base 3) in base 8?
-7
What is 2 (base 15) in base 13?
2
What is -3 (base 9) in base 15?
-3
What is 1 (base 13) in base 5?
1
Convert 244 (base 7) to base 8.
202
262 (base 7) to base 3
12021
3 (base 7) to base 3
10
What is -2 (base 11) in base 5?
-2
26 (base 12) to base 4
132
0 (base 3) to base 6
0
-e (base 16) to base 15
-e
What is -11 (base 3) in base 5?
-4
Convert -3 (base 10) to base 5.
-3
What is 9 (base 10) in base 15?
9
Convert 16 (base 14) to base 8.
24
What is 25 (base 8) in base 15?
16
Convert -114 (base 5) to base 11.
-31
Convert 345 (base 8) to base 3.
22111
-4 (base 14) to base 13
-4
What is -1 (base 8) in base 12?
-1
Convert -21 (base 3) to base 11.
-7
What is 8 (base 15) in base 16?
8
What is -3 (base 6) in base 14?
-3
60 (base 8) to base 3
1210
Convert 4 (base 5) to base 8.
4
What is -d (base 14) in base 16?
-d
8 (base 11) to base 8
10
253 (base 6) to base 10
105
What is 110 (base 8) in base 6?
200
7 (base 15) to base 10
7
What is 434 (base 6) in base 12?
11a
What is 12 (base 4) in base 2?
110
What is -14b (base 14) in base 6?
-1115
Convert -10 (base 4) to base 15.
-4
What is 11101001 (base 2) in base 13?
14c
Convert 95 (base 12) to base 3.
11012
Convert c (base 14) to base 11.
11
What is 0 (base 10) in base 2?
0
104 (base 7) to base 5
203
What is -11011 (base 2) in base 4?
-123
What is -1100 (base 2) in base 13?
-c
What is -8 (base 13) in base 2?
-1000
3 (base 14) to base 6
3
What is b (base 14) in base 8?
13
What is 20 (base 10) in base 4?
110
-6a (base 11) to base 12
-64
What is 1 (base 5) in base 15?
1
Convert -20 (base 3) to base 7.
-6
What is 422 (base 7) in base 12?
158
Convert -24 (base 13) to base 3.
-1010
Convert -1 (base 15) to base 11.
-1
Convert 3 (base 5) to base 8.
3
-2 (base 10) to base 6
-2
-e (base 16) to base 6
-22
Convert 3 (base 9) to base 6.
3
What is 68 (base 11) in base 16?
4a
Convert 33 (base 4) to base 5.
30
Convert -26 (base 11) to base 8.
-34
Convert -10 (base 15) to base 11.
-14
What is 3 (base 13) in base 3?
10
What is 0 (base 2) in base 13?
0
Convert -3 (base 16) to base 7.
-3
What is 1 (base 15) in base 14?
1
Convert b8 (base 16) to base 10.
184
What is 17 (base 8) in base 3?
120
-18 (base 12) to base 16
-14
Convert 1000110 (base 2) to base 3.
2121
Convert -11 (base 3) to base 2.
-100
5 (base 11) to base 13
5
What is 4 (base 6) in base 13?
4
-14 (base 6) to base 14
-a
Convert 0 (base 3) to base 13.
0
What is 33 (base 14) in base 13?
36
What is -11000 (base 2) in base 3?
-220
What is 5 (base 12) in base 13?
5
What is -38 (base 10) in base 9?
-42
Convert -3 (base 10) to base 8.
-3
Convert 330 (base 4) to base 8.
74
What is 41 (base 8) in base 4?
201
10100011 (base 2) to base 10
163
What is b (base 16) in base 7?
14
Convert 1210 (base 3) to base 9.
53
Convert 10 (base 4) to base 6.
4
5 (base 9) to base 15
5
Convert 12 (base 11) to base 15.
d
What is -46 (base 15) in base 16?
-42
What is 30 (base 4) in base 12?
10
0 (base 16) to base 9
0
2 (base 4) to base 10
2
What is 83 (base 16) in base 10?
131
What is -3 (base 9) in base 12?
-3
Convert 11 (base 2) to base 14.
3
7 (base 15) to base 7
10
Convert 122 (base 3) to base 11.
16
What is 3 (base 11) in base 16?
3
1 (base 2) to base 7
1
What is 114 (base 14) in base 6?
554
3 (base 12) to base 3
10
Convert -1 (base 14) to base 11.
-1
-244 (base 5) to base 9
-82
What is -30 (base 7) in base 14?
-17
What is 10 (base 2) in base 9?
2
-129 (base 11) to base 5
-1102
Convert -8 (base 14) to base 9.
-8
What is 11 (base 6) in base 8?
7
What is 1231 (base 4) in base 11?
9a
Convert -3 (base 11) to base 16.
-3
-42 (base 9) to base 2
-100110
-2 (base 10) to base 5
-2
What is 9 (base 15) in base 12?
9
What is -3 (base 5) in base 10?
-3
-12 (base 15) to base 5
-32
Convert 1010101 (base 2) to base 13.
67
-331 (base 5) to base 15
-61
What is -2 (base 3) in base 6?
-2
What is -35 (base 11) in base 15?
-28
What is -23 (base 4) in base 12?
-b
Convert a (base 12) to base 8.
12
78 (base 10) to base 9
86
Convert 111110 (base 2) to base 13.
4a
3 (base 5) to base 8
3
Convert 27 (base 16) to base 10.
39
Convert -4 (base 9) to base 8.
-4
What is 0 (base 12) in base 6?
0
What is -5 (base 6) in base 10?
-5
Convert -11 (base 10) to base 5.
-21
-12 (base 6) to base 3
-22
What is -2 (base 12) in base 6?
-2
What is -14b (base 16) in base 13?
-1c6
11 (base 4) to base 6
5
Convert -1 (base 7) to base 14.
-1
2 (base 4) to base 10
2
Convert 106 (base 10) to base 6.
254
101 (base 3) to base 16
a
1 (base 4) to base 6
1
What is 3311 (base 4) in base 5?
1440
What is -11 (base 5) in base 7?
-6
Convert 2201 (base 3) to base 7.
133
Convert 101 (base 12) to base 7.
265
-250 (base 8) to base 15
-b3
What is 114 (base 5) in base 8?
42
Convert -2 (base 11) to base 16.
-2
-67 (base 9) to base 16
-3d
What is -22 (base 9) in base 13?
-17
Convert 0 (base 16) to base 10.
0
1121 (base 3) to base 13
34
What is -10 (base 2) in base 16?
-2
Convert 21 (base 8) to base 3.
122
Convert -242 (base 5) to base 2.
-1001000
-7c (base 13) to base 12
-87
Convert -8 (base 9) to base 12.
-8
What is -64 (base 14) in base 8?
-130
Convert -220 (base 5) to base 11.
-55
What is -52 (base 14) in base 7?
-132
19 (base 16) to base 7
34
-3 (base 4) to base 9
-3
9 (base 11) to base 2
1001
What is 31 (base 14) in base 3?
1121
Convert -225 (base 7) to base 6.
-313
Convert 2 (base 16) to base 11.
2
Convert e (base 16) to base 5.
24
0 (base 2) to base 15
0
What is 227 (base 8) in base 9?
177
Convert -15 (base 11) to base 9.
-17
-4 (base 15) to base 16
-4
-4 (base 10) to base 3
-11
Convert -1 (base 10) to base 2.
-1
Convert 2112 (base 4) to base 3.
12120
18 (base 13) to base 2
10101
128 (base 15) to base 2
100000111
What is 5 (base 8) in base 14?
5
What is -513 (base 6) in base 5?
-1224
What is 11 (base 3) in base 12?
4
0 (base 16) to base 8
0
1 (base 4) to base 16
1
What is -6 (base 10) in base 7?
-6
4 (base 16) to base 9
4
22 (base 15) to base 13
26
What is -47 (base 10) in base 3?
-1202
Convert -100100 (base 2) to base 5.
-121
2c (base 16) to base 8
54
What is 313 (base 4) in base 7?
106
Convert 1 (base 2) to base 7.
1
What is -77 (base 10) in base 11?
-70
What is -3 (base 13) in base 9?
-3
Convert -31 (base 4) to base 5.
-23
24 (base 12) to base 4
130
What is -4 (base 9) in base 8?
-4
Convert 204 (base 7) to base